to base 14.
-b3c9b
Convert -13082345 (base 9) to base 13.
-1442546
152fb1 (base 16) to base 10
1388465
-141963 (base 13) to base 6
-14253240
What is 279529 (base 10) in base 15?
57c54
Convert 7a208 (base 12) to base 15.
33338
1d319 (base 14) to base 15
171ee
What is 13210232312 (base 4) in base 12?
7b8bb2
What is -11250156 (base 7) in base 5?
-223040101
-44128 (base 10) to base 5
-2403003
Convert -102101021101 (base 3) to base 12.
-a976a
1034131 (base 6) to base 10
51463
What is 114243020 (base 6) in base 4?
20101030110
What is 3a81 (base 11) in base 4?
1102230
What is -6b5b43 (base 13) in base 7?
-30500323
What is 323200142 (base 5) in base 12?
567441
Convert 994508 (base 12) to base 11.
1412572
-4322215 (base 6) to base 7
-1545110
What is -32140534 (base 6) in base 14?
-1a8bd8
What is -768458 (base 11) in base 6?
-42141434
Convert 6635232 (base 7) to base 2.
11000111001010011111
-1012220000 (base 3) to base 12
-11a60
c5b3 (base 13) to base 5
1333410
-7893 (base 14) to base 13
-9691
Convert 277081 (base 9) to base 16.
294f1
-2045340 (base 6) to base 8
-302574
Convert 20220201220111 (base 3) to base 6.
210440234
cbb1 (base 15) to base 4
22202011
-976836 (base 10) to base 11
-607a03
What is 445814 (base 10) in base 5?
103231224
Convert -530115 (base 6) to base 15.
-ca45
What is 4285e (base 15) in base 5?
23224024
What is b1622 (base 14) in base 2?
1101000001000011110
What is -6215744 (base 8) in base 7?
-16662331
2122201122 (base 3) to base 7
305306
-11201020121 (base 3) to base 12
-45821
-718642 (base 11) to base 12
-4775a2
Convert 21a491 (base 11) to base 16.
559ad
-485343 (base 12) to base 8
-4355643
-1310 (base 12) to base 11
-16a5
What is -1112102200102 (base 3) in base 11?
-507791
Convert -277144 (base 8) to base 6.
-2033112
Convert -3388b (base 15) to base 4.
-220001123
Convert 1d9082 (base 16) to base 4.
13121002002
-30243134 (base 8) to base 12
-21752a4
Convert -7043672 (base 9) to base 6.
-212204445
-3404122 (base 6) to base 4
-221333102
What is -223320 (base 6) in base 15?
-590c
-385507 (base 9) to base 6
-5001524
What is 200022202210 (base 3) in base 4?
1120003233
What is 10011011100110011010 (base 2) in base 15?
c8c93
What is 11210012011 (base 3) in base 10?
94180
What is -202120201220 (base 3) in base 15?
-8008c
Convert -e66ce (base 16) to base 15.
-1399b7
What is 11010101001101001010000 (base 2) in base 16?
6a9a50
What is 10110001000111111101 (base 2) in base 8?
2610775
Convert -131200121 (base 4) to base 5.
-12331412
What is -465421 (base 8) in base 12?
-77869
1153464 (base 7) to base 12
715b0
2640643 (base 9) to base 5
332201240
What is -232133021 (base 4) in base 15?
-3b63e
Convert 25341633 (base 7) to base 16.
2308d1
Convert fc272 (base 16) to base 2.
11111100001001110010
Convert 10a2ba (base 13) to base 5.
100100004
What is -323212023 (base 5) in base 8?
-5213372
Convert -100000011101111000 (base 2) to base 4.
-200131320
Convert -104554612 (base 7) to base 4.
-120022022320
-47561 (base 14) to base 11
-109755
What is -561016 (base 7) in base 14?
-2800d
1000000101111001001001 (base 2) to base 8
10057111
-164720 (base 12) to base 13
-104676
2416562 (base 8) to base 13
1a2962
247297 (base 12) to base 7
5020114
What is 2838a2 (base 11) in base 5?
103204203
What is 1ba2979 (base 12) in base 11?
3394345
-5435060 (base 8) to base 10
-1456688
Convert -136a33 (base 16) to base 10.
-1272371
Convert 11100110010101010 (base 2) to base 6.
2305550
-37489a (base 11) to base 7
-5014032
250331121 (base 6) to base 5
2211131033
Convert 13030031323 (base 4) to base 5.
440310201
-15443152 (base 7) to base 14
-2aac99
Convert -d1ec2 (base 16) to base 15.
-11eb7c
Convert -a07933 (base 12) to base 3.
-11201002202110
Convert -c03bb (base 15) to base 3.
-1010220111112
1233123 (base 6) to base 3
10101121220
-1543a8 (base 11) to base 9
-405264
Convert -1536260 (base 7) to base 5.
-23223320
Convert 44d4c (base 16) to base 8.
1046514
What is -21200020001 (base 3) in base 14?
-3d0a6
What is -13d7c7 (base 14) in base 15?
-d97e6
Convert -90118 (base 12) to base 11.
-118378
What is -1751075 (base 8) in base 4?
-1331020331
Convert -1da60 (base 15) to base 14.
-27412
11161262 (base 7) to base 4
3231201122
-121121001202210 (base 3) to base 16
-86924a
-1010001101000111110 (base 2) to base 9
-558633
What is 12706 (base 14) in base 6?
545350
Convert 11532513 (base 6) to base 12.
15a139
Convert -1110001110001001010 (base 2) to base 6.
-13553214
Convert -121022101002 (base 3) to base 4.
-1032120020
What is -28590 (base 14) in base 6?
-2050242
Convert -320130010 (base 4) to base 12.
-b1944
-4440224143 (base 5) to base 15
-cb7b4d
-300230142 (base 5) to base 6
-41143103
Convert -13003040 (base 6) to base 15.
-84936
What is -74680 (base 12) in base 4?
-211113000
250766 (base 8) to base 7
510145
7817624 (base 10) to base 2
11101110100100110011000
-16233150 (base 7) to base 9
-2854453
Convert -1a0819 (base 11) to base 7.
-2423161
Convert 1025451444 (base 6) to base 16.
a67494
What is 305d6 (base 15) in base 13?
54969
-32321011 (base 6) to base 13
-277816
Convert 323141101 (base 5) to base 13.
394637
Convert -11011001002 (base 3) to base 14.
-21aa1
What is -1880ee (base 15) in base 8?
-4427257
Convert 10411313111 (base 5) to base 12.
39b3aa1
601a589 (base 11) to base 3
202001111001110
-1212947 (base 14) to base 12
-2a92397
What is 2256553 (base 7) in base 14?
7532a
Convert -5373267 (base 8) to base 9.
-2633450
-178bb (base 12) to base 15
-a1a2
-1e2d1f (base 16) to base 2
-111100010110100011111
Convert -12783 (base 15) to base 10.
-59073
Convert 514524220 (base 6) to base 11.
5034008
2fc2d5 (base 16) to base 9
5800574
What is -2426142 (base 9) in base 10?
-1316693
Convert 5145 (base 16) to base 7.
114441
303111000011 (base 4) to base 10
13455365
Convert -13a0a32 (base 12) to base 8.
-17021706
-a394b (base 15) to base 11
-324598
Convert -1238015 (base 11) to base 14.
-3dcc66
215d4e (base 15) to base 6
54021345
What is 1316153 (base 10) in base 14?
26390d
What is 565184 (base 16) in base 8?
25450604
-22121012212 (base 3) to base 5
-20404121
What is 62a4 (base 13) in base 16?
3556
What is -577754 (base 8) in base 13?
-6b632
-5a9a73 (base 12) to base 10
-1468599
What is 15534433 (base 6) in base 8?
2077725
What is -2021112211 (base 3) in base 10?
-44869
1035642 (base 9) to base 7
4501634
Convert -1010100011112 (base 3) to base 4.
-2101302311
What is -23c1380 (base 13) in base 12?
-387b1a5
Convert 839b51 (base 15) to base 16.
5f8459
What is 7114026 (base 8) in base 5?
434431232
Convert -5e59ee (base 15) to base 4.
-101100223031
7027 (base 10) to base 13
3277
What is 10000010101011010101101 (base 2) in base 10?
4282029
310aab (base 12) to base 6
24251135
Convert 5b213 (base 14) to base 16.
365d1
What is 10220222002000 (base 3) in base 16?
1fd35b
Convert -200201003 (base 4) to base 6.
-2504335
Convert -4065531 (base 11) to base 13.
-1645952
Convert 4142203204 (base 5) to base 2.
100000101000010001010010
Convert -10a9aa3 (base 13) to base 16.
-4e56bf
Convert 353002 (base 7) to base 15.
13c07
What is 73b4db (base 15) in base 16?
5402c3
What is -42249 (base 11) in base 9?
-103346
Convert -211a (base 14) to base 8.
-13114
-424a6 (base 12) to base 6
-1511130
625444 (base 8) to base 14
55964
-133124310 (base 5) to base 2
-10100101001111011110
-1011111001110100110 (base 2) to base 9
-654043
What is 12335322 (base 8) in base 16?
29bad2
What is -23213310 (base 6) in base 3?
-1100110011020
What is 201120 (base 7) in base 4?
20103210
Convert 4c3a5 (base 15) to base 12.
b9132
-5f4547 (base 16) to base 12
-2111287
-2330043431 (base 5) to base 10
-5315491
Convert 4051564 (base 7) to base 12.
1b3797
What is 294026 (base 11) in base 9?
768837
What is -6300 (base 14) in base 13?
-79b9
What is -830a (base 14) in base 16?
-5816
-8074723 (base 9) to base 7
-51362145
Convert -87b00 (base 13) to base 12.
-ba252
What is -856552 (base 15) in base 11?
-3647593
223871 (base 10) to base 12
a967b
Convert -20211111121212 (base 3) to base 12.
-1271758
33abb3 (base 14) to base 15
24b068
-8601708 (base 11) to base 13
-31a187a
What is 553145125 (base 6) in base 2?
100101111101101001001101
What is 2b2333 (base 12) in base 10?
729687
-1011222201000 (base 3) to base 5
-130122030
-26313304 (base 7) to base 14
-469